60 and 530?
10
Calculate the highest common factor of 112 and 28.
28
Calculate the greatest common factor of 372 and 24.
12
What is the greatest common factor of 3655 and 340?
85
Calculate the highest common divisor of 50 and 230.
10
What is the greatest common divisor of 14 and 112?
14
What is the highest common divisor of 45 and 12195?
45
What is the greatest common factor of 910 and 208?
26
What is the greatest common divisor of 66 and 154?
22
What is the highest common divisor of 15 and 1065?
15
Calculate the highest common divisor of 18 and 162.
18
Calculate the greatest common divisor of 17799 and 102.
51
What is the greatest common factor of 6683 and 1793?
163
Calculate the greatest common divisor of 47916 and 11.
11
Calculate the greatest common factor of 2196 and 36.
36
Calculate the greatest common factor of 306 and 119.
17
What is the greatest common divisor of 126 and 567?
63
Calculate the greatest common divisor of 5580 and 9.
9
Calculate the greatest common divisor of 1582 and 452.
226
Calculate the greatest common factor of 26 and 326.
2
What is the greatest common divisor of 195 and 15?
15
What is the greatest common factor of 7 and 7?
7
Calculate the greatest common divisor of 33 and 209.
11
What is the highest common factor of 549 and 18?
9
What is the greatest common divisor of 10 and 2230?
10
Calculate the greatest common factor of 70 and 385.
35
What is the greatest common divisor of 97 and 2231?
97
Calculate the greatest common factor of 1533 and 7884.
219
Calculate the highest common divisor of 85836 and 69.
69
What is the highest common divisor of 26 and 2522?
26
What is the highest common factor of 112 and 9520?
112
Calculate the highest common factor of 10 and 52020.
10
What is the greatest common divisor of 3587 and 17?
17
What is the highest common factor of 464 and 2900?
116
What is the greatest common factor of 5771 and 398?
199
Calculate the greatest common factor of 44 and 3014.
22
Calculate the greatest common factor of 13 and 1846.
13
Calculate the highest common factor of 40 and 1384.
8
Calculate the highest common divisor of 360 and 6.
6
Calculate the greatest common divisor of 125 and 150.
25
Calculate the greatest common divisor of 154 and 440.
22
Calculate the greatest common divisor of 63 and 2583.
63
What is the highest common factor of 190 and 60?
10
What is the greatest common factor of 1368 and 432?
72
Calculate the greatest common factor of 2413 and 38.
19
Calculate the highest common divisor of 2064 and 301.
43
What is the greatest common divisor of 126 and 224?
14
What is the greatest common factor of 36 and 207?
9
What is the greatest common factor of 208 and 16?
16
Calculate the highest common divisor of 4 and 967.
1
What is the greatest common factor of 1965 and 30?
15
Calculate the greatest common divisor of 11058 and 95.
19
What is the highest common factor of 1067 and 97?
97
What is the greatest common divisor of 264 and 216?
24
What is the greatest common factor of 18 and 234?
18
What is the highest common factor of 16 and 3176?
8
What is the greatest common factor of 323 and 187?
17
Calculate the greatest common divisor of 142 and 5325.
71
Calculate the highest common factor of 646 and 136.
34
Calculate the highest common divisor of 31 and 10757.
31
Calculate the greatest common divisor of 28524 and 12.
12
Calculate the greatest common divisor of 98 and 79478.
98
What is the greatest common divisor of 572 and 39?
13
What is the greatest common divisor of 13 and 19786?
13
Calculate the highest common divisor of 5610 and 120.
30
Calculate the greatest common factor of 17 and 289.
17
Calculate the greatest common divisor of 3 and 303.
3
Calculate the greatest common factor of 290 and 95.
5
What is the greatest common factor of 792 and 16?
8
Calculate the highest common divisor of 56 and 420.
28
What is the greatest common divisor of 16 and 784?
16
What is the greatest common divisor of 3647 and 7?
7
Calculate the greatest common factor of 10 and 40.
10
What is the greatest common divisor of 120230 and 110?
110
Calculate the highest common divisor of 1484 and 532.
28
Calculate the greatest common factor of 1708 and 28.
28
What is the highest common divisor of 330 and 120?
30
Calculate the highest common factor of 1518 and 345.
69
What is the greatest common divisor of 174 and 3422?
58
What is the greatest common factor of 58552 and 104?
104
Calculate the greatest common divisor of 192 and 120.
24
Calculate the highest common divisor of 27 and 72.
9
What is the greatest common factor of 1431 and 81?
27
What is the greatest common divisor of 3 and 7?
1
What is the highest common factor of 2994 and 6?
6
What is the greatest common factor of 105 and 12?
3
What is the greatest common factor of 3841 and 46?
23
Calculate the greatest common divisor of 27 and 45.
9
Calculate the highest common divisor of 135 and 15255.
135
Calculate the highest common factor of 81270 and 135.
135
Calculate the highest common divisor of 1936 and 16.
16
Calculate the greatest common factor of 19 and 11552.
19
What is the greatest common divisor of 94 and 57998?
94
What is the greatest common divisor of 3500 and 4?
4
Calculate the highest common factor of 16881 and 153.
51
What is the greatest common divisor of 455 and 65?
65
Calculate the highest common divisor of 13 and 234.
13
Calculate the highest common factor of 1680 and 3120.
240
What is the highest common divisor of 30 and 105?
15
Calculate the highest common divisor of 140 and 350.
70
What is the greatest common factor of 99 and 11?
11
What is the highest common divisor of 756 and 9324?
252
Calculate the greatest common divisor of 1363 and 94.
47
Calculate the greatest common factor of 4 and 20.
4
What is the highest common divisor of 15 and 9?
3
Calculate the greatest common divisor of 100 and 4850.
50
Calculate the greatest common factor of 44 and 330.
22
Calculate the highest common factor of 100 and 700.
100
What is the highest common factor of 2257 and 111?
37
Calculate the greatest common factor of 78 and 1248.
78
Calculate the greatest common factor of 91 and 1106.
7
What is the greatest common divisor of 70 and 665?
35
What is the highest common factor of 41 and 8077?
41
What is the greatest common factor of 75 and 25?
25
Calculate the greatest common divisor of 1485 and 198.
99
Calculate the greatest common divisor of 430 and 774.
86
Calculate the greatest common divisor of 252 and 6573.
21
What is the highest common factor of 8 and 184?
8
Calculate the highest common factor of 730 and 10804.
146
What is the greatest common divisor of 216 and 27?
27
Calculate the greatest common divisor of 74 and 4.
2
What is the highest common divisor of 340 and 1955?
85
Calculate the greatest common divisor of 3696 and 99.
33
What is the highest common factor of 18 and 675?
9
What is the greatest common divisor of 20 and 32?
4
Calculate the greatest common divisor of 30 and 380.
10
What is the greatest common divisor of 104 and 39?
13
What is the highest common divisor of 4800 and 192?
192
Calculate the highest common factor of 360 and 1280.
40
What is the greatest common divisor of 73 and 1971?
73
What is the highest common divisor of 2439 and 9?
9
Calculate the greatest common divisor of 588 and 3276.
84
What is the greatest common divisor of 348 and 928?
116
Calculate the highest common factor of 18 and 84.
6
What is the greatest common factor of 5600 and 28?
28
What is the highest common divisor of 43 and 1419?
43
Calculate the highest common divisor of 575 and 345.
115
What is the highest common factor of 1666 and 357?
119
Calculate the greatest common divisor of 6 and 7674.
6
What is the greatest common factor of 22 and 638?
22
What is the highest common divisor of 81 and 351?
27
What is the highest common factor of 791 and 1017?
113
What is the highest common factor of 21 and 43449?
21
Calculate the highest common factor of 60 and 4020.
60
What is the greatest common factor of 76 and 1786?
38
Calculate the greatest common factor of 231 and 330.
33
Calculate the highest common factor of 1289 and 4.
1
Calculate the highest common divisor of 3328 and 91.
13
Calculate the highest common factor of 152 and 55784.
152
What is the greatest common factor of 4776 an